{"id":710,"date":"2024-12-13T11:51:39","date_gmt":"2024-12-13T14:51:39","guid":{"rendered":"https:\/\/emporiosuplementospoa.com.br\/?post_type=product&#038;p=710"},"modified":"2024-12-13T11:51:40","modified_gmt":"2024-12-13T14:51:40","slug":"monstrous-testopack-30-packs-black-skull-brinde","status":"publish","type":"product","link":"https:\/\/emporiosuplementospoa.com.br\/?product=monstrous-testopack-30-packs-black-skull-brinde","title":{"rendered":"Monstrous TestoPack 30 Packs Black Skull + Brinde"},"content":{"rendered":"<h2>O que \u00e9 e para que serve o Monstrous Testopack 30 packs?<\/h2>\n<p>Conhecido tamb\u00e9m como \u201ctestopack\u201d, este\u00a0<strong>suplemento para ganho de massa<\/strong>\u00a0magra foi desenvolvido pensando nas necessidades espec\u00edficas dos praticantes de muscula\u00e7\u00e3o que buscam a hipertrofia como resultado de seus treinos.<\/p>\n<p>Como o nome j\u00e1 sugere, o Monstrous Testopack \u00e9 um pack de suplemento que une diversos nutrientes no formato de c\u00e1psulas e tablets. Este pack \u201cmonstruoso\u201d, entrega 30 multipacks com as dosagens di\u00e1rias dos principais ativos que o corpo necessita para a hipertrofia e sa\u00fade de forma geral.<\/p>\n<h3>Composi\u00e7\u00e3o<\/h3>\n<p>O Monstrous Testopack 30 packs da BLACKSKULL USA\u2122 \u00e9 o \u00fanico pack do mercado que possui TESTOFEN\u2122 em sua composi\u00e7\u00e3o. O testofen \u00e9 uma excelente fonte de\u00a0<strong>sapoinhas<\/strong>, subst\u00e2ncia que estimula a produ\u00e7\u00e3o end\u00f3gena de testosterona.<\/p>\n<p>Outro grande diferencial do pack \u00e9 o\u00a0<strong>colostro bovino<\/strong>. Ele auxilia na prolifera\u00e7\u00e3o e na restitui\u00e7\u00e3o celular, al\u00e9m de atuar diretamente na s\u00edntese de prote\u00ednas e no reparo de tecidos moles.<\/p>\n<p>N\u00e3o para por a\u00ed: al\u00e9m do TESTOFEN\u2122 e do\u00a0colostro\u00a0bovino, o Monstrous Testopack possui creatina, BCAAs, termog\u00eanicos, vitaminas e minerais na composi\u00e7\u00e3o. Todos os ativos quando consumidos em conjunto favorecem objetivos como o ganho de massa magra.<\/p>\n<p>Al\u00e9m dos ativos diretamente relacionados ao processo de hipertrofia, o Monstrous Testopack oferece ativos que atuam na preven\u00e7\u00e3o de les\u00f5es articulares e \u00f3sseas, e na redu\u00e7\u00e3o de dores articulares. Como exemplo temos o MSM, o\u00a0<strong>sulfato de condroitina<\/strong>, o magn\u00e9sio e a curcumina presentes nesta lista.<\/p>\n<h3>Como consumir?<\/h3>\n<p>O Monstrous Testopack da BLACKSKULL USA\u2122 vem em embalagem com 30 packs. Cada pack cont\u00e9m sete c\u00e1psulas com suplementos indispens\u00e1veis para a hipertrofia muscular de quem pratica muscula\u00e7\u00e3o ou exerc\u00edcios de alta intensidade. A dose \u00e9 di\u00e1ria e todas as c\u00e1psulas\/tabletes podem ser consumidas de uma \u00fanica vez. Confira a especifica\u00e7\u00e3o de cada um deles:<br \/>\n\u2022\u00a0BCAA<br \/>\n\u2022 complexo de vitaminas e minerais;<br \/>\n\u2022 feno grego;<br \/>\n\u2022 Triple Joint;<br \/>\n\u2022 creatina;<br \/>\n\u2022 colostro bovino;<br \/>\n\u2022 cafe\u00edna + colina.<\/p>\n<p>A BLACKSKULL USA\u2122 recomenda a consulta com um profissional da \u00e1rea da sa\u00fade\/nutri\u00e7\u00e3o antes de adicionar o Monstrous Testopack 30 packs na sua rotina alimentar. Consuma um pack por dia, associando-o a uma alimenta\u00e7\u00e3o equilibrada.<\/p>\n","protected":false},"excerpt":{"rendered":"<p>O que \u00e9 e para que serve o Monstrous Testopack 30 packs? Conhecido tamb\u00e9m como \u201ctestopack\u201d, este\u00a0suplemento para ganho de [&hellip;]<\/p>\n","protected":false},"featured_media":711,"template":"","meta":{"site-sidebar-layout":"default","site-content-layout":"","ast-site-content-layout":"default","site-content-style":"default","site-sidebar-style":"default","ast-global-header-display":"","ast-banner-title-visibility":"","ast-main-header-display":"","ast-hfb-above-header-display":"","ast-hfb-below-header-display":"","ast-hfb-mobile-header-display":"","site-post-title":"","ast-breadcrumbs-content":"","ast-featured-img":"","footer-sml-layout":"","theme-transparent-header-meta":"default","adv-header-id-meta":"","stick-header-meta":"","header-above-stick-meta":"","header-main-stick-meta":"","header-below-stick-meta":"","astra-migrate-meta-layouts":"set","ast-page-background-enabled":"default","ast-page-background-meta":{"desktop":{"background-color":"var(--ast-global-color-4)","background-image":"","background-repeat":"repeat","background-position":"center center","background-size":"auto","background-attachment":"scroll","background-type":"","background-media":"","overlay-type":"","overlay-color":"","overlay-opacity":"","overlay-gradient":""},"tablet":{"background-color":"","background-image":"","background-repeat":"repeat","background-position":"center center","background-size":"auto","background-attachment":"scroll","background-type":"","background-media":"","overlay-type":"","overlay-color":"","overlay-opacity":"","overlay-gradient":""},"mobile":{"background-color":"","background-image":"","background-repeat":"repeat","background-position":"center center","background-size":"auto","background-attachment":"scroll","background-type":"","background-media":"","overlay-type":"","overlay-color":"","overlay-opacity":"","overlay-gradient":""}},"ast-content-background-meta":{"desktop":{"background-color":"var(--ast-global-color-5)","background-image":"","background-repeat":"repeat","background-position":"center center","background-size":"auto","background-attachment":"scroll","background-type":"","background-media":"","overlay-type":"","overlay-color":"","overlay-opacity":"","overlay-gradient":""},"tablet":{"background-color":"var(--ast-global-color-5)","background-image":"","background-repeat":"repeat","background-position":"center center","background-size":"auto","background-attachment":"scroll","background-type":"","background-media":"","overlay-type":"","overlay-color":"","overlay-opacity":"","overlay-gradient":""},"mobile":{"background-color":"var(--ast-global-color-5)","background-image":"","background-repeat":"repeat","background-position":"center center","background-size":"auto","background-attachment":"scroll","background-type":"","background-media":"","overlay-type":"","overlay-color":"","overlay-opacity":"","overlay-gradient":""}},"_joinchat":[]},"product_cat":[97],"product_tag":[],"class_list":{"0":"post-710","1":"product","2":"type-product","3":"status-publish","4":"has-post-thumbnail","6":"product_cat-pack","7":"desktop-align-left","8":"tablet-align-left","9":"mobile-align-left","11":"first","12":"instock","13":"shipping-taxable","14":"purchasable","15":"product-type-simple"},"_links":{"self":[{"href":"https:\/\/emporiosuplementospoa.com.br\/index.php?rest_route=\/wp\/v2\/product\/710","targetHints":{"allow":["GET"]}}],"collection":[{"href":"https:\/\/emporiosuplementospoa.com.br\/index.php?rest_route=\/wp\/v2\/product"}],"about":[{"href":"https:\/\/emporiosuplementospoa.com.br\/index.php?rest_route=\/wp\/v2\/types\/product"}],"wp:featuredmedia":[{"embeddable":true,"href":"https:\/\/emporiosuplementospoa.com.br\/index.php?rest_route=\/wp\/v2\/media\/711"}],"wp:attachment":[{"href":"https:\/\/emporiosuplementospoa.com.br\/index.php?rest_route=%2Fwp%2Fv2%2Fmedia&parent=710"}],"wp:term":[{"taxonomy":"product_cat","embeddable":true,"href":"https:\/\/emporiosuplementospoa.com.br\/index.php?rest_route=%2Fwp%2Fv2%2Fproduct_cat&post=710"},{"taxonomy":"product_tag","embeddable":true,"href":"https:\/\/emporiosuplementospoa.com.br\/index.php?rest_route=%2Fwp%2Fv2%2Fproduct_tag&post=710"}],"curies":[{"name":"wp","href":"https:\/\/api.w.org\/{rel}","templated":true}]}}