{"id":671,"date":"2024-12-10T11:32:51","date_gmt":"2024-12-10T14:32:51","guid":{"rendered":"https:\/\/emporiosuplementospoa.com.br\/?post_type=product&#038;p=671"},"modified":"2024-12-10T13:07:44","modified_gmt":"2024-12-10T16:07:44","slug":"zma-max-titanium-90-caps","status":"publish","type":"product","link":"https:\/\/emporiosuplementospoa.com.br\/?product=zma-max-titanium-90-caps","title":{"rendered":"ZMA Max Titanium 90 Caps"},"content":{"rendered":"<p>O\u00a0<b>ZMA da Max Titanium<\/b>\u00a0\u00e9 composto por ZINCO, que auxilia no funcionamento do sistema imune e na s\u00edntese de prote\u00ednas, MAGN\u00c9SIO, que auxilia no funcionamento muscular e VITAMINA B6, que auxilia no metabolismo energ\u00e9tico.<\/p>\n<p>Esses micronutrientes s\u00e3o essenciais para diversas atividades enzim\u00e1ticas em nosso organismo, participando de in\u00fameras vias metab\u00f3licas, da\u00ed a import\u00e2ncia de se garantir os n\u00edveis end\u00f3genos de cada um deles.<\/p>\n<p>ZMA \u00e9 o composto ideal para quem procura um excelente aporte de vitaminas e minerais.<\/p>\n<p>&nbsp;<\/p>\n<div class=\"title aud-w-100% md:aud-w-1\/2 aud-text-left aud-py-3 aud-px-4\"><strong>Recomenda\u00e7\u00e3o de uso<\/strong><\/div>\n<div><\/div>\n<div class=\"content aud-w-100% md:aud-w-1\/2 aud-text-left aud-py-3 aud-px-4\">\n<p>Ingerir 2 c\u00e1psulas de ZMA de 30 a 60 minutos antes de dormir com a bebida de sua prefer\u00eancia.<\/p>\n<p>N\u00e3o ingerir antes ou ap\u00f3s a ingest\u00e3o de alimentos ou suplementos ricos em c\u00e1lcio.<\/p>\n<p>Indicado para atletas e praticantes de atividade f\u00edsica maiores de 19 anos.<\/p>\n<p>Produto dispensado de registro na ANVISA conforme RDC n\u00ba 27\/2010.<\/p>\n<\/div>\n","protected":false},"excerpt":{"rendered":"<p>O\u00a0ZMA da Max Titanium\u00a0\u00e9 composto por ZINCO, que auxilia no funcionamento do sistema imune e na s\u00edntese de prote\u00ednas, MAGN\u00c9SIO, [&hellip;]<\/p>\n","protected":false},"featured_media":672,"template":"","meta":{"site-sidebar-layout":"default","site-content-layout":"","ast-site-content-layout":"default","site-content-style":"default","site-sidebar-style":"default","ast-global-header-display":"","ast-banner-title-visibility":"","ast-main-header-display":"","ast-hfb-above-header-display":"","ast-hfb-below-header-display":"","ast-hfb-mobile-header-display":"","site-post-title":"","ast-breadcrumbs-content":"","ast-featured-img":"","footer-sml-layout":"","theme-transparent-header-meta":"default","adv-header-id-meta":"","stick-header-meta":"","header-above-stick-meta":"","header-main-stick-meta":"","header-below-stick-meta":"","astra-migrate-meta-layouts":"set","ast-page-background-enabled":"default","ast-page-background-meta":{"desktop":{"background-color":"var(--ast-global-color-4)","background-image":"","background-repeat":"repeat","background-position":"center center","background-size":"auto","background-attachment":"scroll","background-type":"","background-media":"","overlay-type":"","overlay-color":"","overlay-opacity":"","overlay-gradient":""},"tablet":{"background-color":"","background-image":"","background-repeat":"repeat","background-position":"center center","background-size":"auto","background-attachment":"scroll","background-type":"","background-media":"","overlay-type":"","overlay-color":"","overlay-opacity":"","overlay-gradient":""},"mobile":{"background-color":"","background-image":"","background-repeat":"repeat","background-position":"center center","background-size":"auto","background-attachment":"scroll","background-type":"","background-media":"","overlay-type":"","overlay-color":"","overlay-opacity":"","overlay-gradient":""}},"ast-content-background-meta":{"desktop":{"background-color":"var(--ast-global-color-5)","background-image":"","background-repeat":"repeat","background-position":"center center","background-size":"auto","background-attachment":"scroll","background-type":"","background-media":"","overlay-type":"","overlay-color":"","overlay-opacity":"","overlay-gradient":""},"tablet":{"background-color":"var(--ast-global-color-5)","background-image":"","background-repeat":"repeat","background-position":"center center","background-size":"auto","background-attachment":"scroll","background-type":"","background-media":"","overlay-type":"","overlay-color":"","overlay-opacity":"","overlay-gradient":""},"mobile":{"background-color":"var(--ast-global-color-5)","background-image":"","background-repeat":"repeat","background-position":"center center","background-size":"auto","background-attachment":"scroll","background-type":"","background-media":"","overlay-type":"","overlay-color":"","overlay-opacity":"","overlay-gradient":""}},"_joinchat":[]},"product_cat":[96],"product_tag":[],"class_list":{"0":"post-671","1":"product","2":"type-product","3":"status-publish","4":"has-post-thumbnail","6":"product_cat-pre-hormonal","7":"desktop-align-left","8":"tablet-align-left","9":"mobile-align-left","11":"first","12":"instock","13":"shipping-taxable","14":"purchasable","15":"product-type-simple"},"_links":{"self":[{"href":"https:\/\/emporiosuplementospoa.com.br\/index.php?rest_route=\/wp\/v2\/product\/671","targetHints":{"allow":["GET"]}}],"collection":[{"href":"https:\/\/emporiosuplementospoa.com.br\/index.php?rest_route=\/wp\/v2\/product"}],"about":[{"href":"https:\/\/emporiosuplementospoa.com.br\/index.php?rest_route=\/wp\/v2\/types\/product"}],"wp:featuredmedia":[{"embeddable":true,"href":"https:\/\/emporiosuplementospoa.com.br\/index.php?rest_route=\/wp\/v2\/media\/672"}],"wp:attachment":[{"href":"https:\/\/emporiosuplementospoa.com.br\/index.php?rest_route=%2Fwp%2Fv2%2Fmedia&parent=671"}],"wp:term":[{"taxonomy":"product_cat","embeddable":true,"href":"https:\/\/emporiosuplementospoa.com.br\/index.php?rest_route=%2Fwp%2Fv2%2Fproduct_cat&post=671"},{"taxonomy":"product_tag","embeddable":true,"href":"https:\/\/emporiosuplementospoa.com.br\/index.php?rest_route=%2Fwp%2Fv2%2Fproduct_tag&post=671"}],"curies":[{"name":"wp","href":"https:\/\/api.w.org\/{rel}","templated":true}]}}