{"id":662,"date":"2024-12-10T11:22:37","date_gmt":"2024-12-10T14:22:37","guid":{"rendered":"https:\/\/emporiosuplementospoa.com.br\/?post_type=product&#038;p=662"},"modified":"2025-08-06T14:34:28","modified_gmt":"2025-08-06T17:34:28","slug":"whey-concentrado-900g-dux","status":"publish","type":"product","link":"https:\/\/emporiosuplementospoa.com.br\/?product=whey-concentrado-900g-dux","title":{"rendered":"Whey Concentrado 900g DUX"},"content":{"rendered":"<p>O Whey Protein Concentrado da Dux oferece um perfil nutricional completo, tornando-o uma excelente escolha para consumo antes e depois dos treinos. Cada por\u00e7\u00e3o fornece 20g de prote\u00edna 100% pura e de alta qualidade, extra\u00edda diretamente do soro do leite e sem a adi\u00e7\u00e3o de blends ou outras prote\u00ednas. Possui um perfil completo de amino\u00e1cidos, incluindo todos os amino\u00e1cidos essenciais, que s\u00e3o cruciais para a constru\u00e7\u00e3o muscular, a recupera\u00e7\u00e3o r\u00e1pida e a manuten\u00e7\u00e3o da massa magra. Sua f\u00f3rmula balanceada fornece suporte energ\u00e9tico equilibrado e uma recupera\u00e7\u00e3o mais eficaz.<\/p>\n<div class=\"aplus-v2 desktop celwidget\" data-csa-c-id=\"ent6u5-4x7ybg-6pahz0-nixt1i\" data-cel-widget=\"aplus\">\n<div class=\"celwidget aplus-module 3p-module-b aplus-standard\" data-csa-c-id=\"s6apn8-5sl8i3-vq1jaz-8blbm1\" data-cel-widget=\"aplus-3p-module-b\">\n<div class=\"aplus-module-wrapper aplus-3p-fixed-width\"><img decoding=\"async\" class=\"a-spacing-base aligncenter\" src=\"https:\/\/m.media-amazon.com\/images\/S\/aplus-media\/vc\/f123c2f3-0b2e-4005-9285-a76fb90cf578.__CR0,0,0,1051_PT0_SX970_V1___.jpg\" alt=\"#field_alt_da_imagem_1#\" data-src=\"https:\/\/m.media-amazon.com\/images\/S\/aplus-media\/vc\/f123c2f3-0b2e-4005-9285-a76fb90cf578.__CR0,0,0,1051_PT0_SX970_V1___.jpg\" \/><\/div>\n<\/div>\n<div class=\"celwidget aplus-module 3p-module-b aplus-standard\" style=\"text-align: center;\" data-csa-c-id=\"sckir0-np1xsv-jswgex-hgumaj\" data-cel-widget=\"aplus-3p-module-b\">\n<div class=\"aplus-module-wrapper aplus-3p-fixed-width\"><img decoding=\"async\" class=\"a-spacing-base\" src=\"https:\/\/m.media-amazon.com\/images\/S\/aplus-media\/vc\/630d828a-e5b2-41e2-89b4-dce7ea9e4c7a.__CR0,0,0,1051_PT0_SX970_V1___.jpg\" alt=\"#field_alt_da_imagem_3#\" data-src=\"https:\/\/m.media-amazon.com\/images\/S\/aplus-media\/vc\/630d828a-e5b2-41e2-89b4-dce7ea9e4c7a.__CR0,0,0,1051_PT0_SX970_V1___.jpg\" \/><\/div>\n<div><\/div>\n<div><\/div>\n<\/div>\n<div class=\"celwidget aplus-module 3p-module-b aplus-standard\" style=\"text-align: center;\" data-csa-c-id=\"liy9gq-hwfjhl-1i8o42-4p8kh8\" data-cel-widget=\"aplus-3p-module-b\">\n<div class=\"aplus-module-wrapper aplus-3p-fixed-width\"><img decoding=\"async\" class=\"a-spacing-base\" src=\"https:\/\/m.media-amazon.com\/images\/S\/aplus-media\/vc\/aea5e571-6d24-467e-9569-03d40f943f3b.__CR0,0,0,1051_PT0_SX970_V1___.jpg\" alt=\"#field_alt_da_imagem_7#\" data-src=\"https:\/\/m.media-amazon.com\/images\/S\/aplus-media\/vc\/aea5e571-6d24-467e-9569-03d40f943f3b.__CR0,0,0,1051_PT0_SX970_V1___.jpg\" \/><\/div>\n<div><\/div>\n<\/div>\n<div class=\"celwidget aplus-module 3p-module-b aplus-standard\" data-csa-c-id=\"s1ein4-t0pt52-jqaoa2-6glrps\" data-cel-widget=\"aplus-3p-module-b\">\n<div class=\"aplus-module-wrapper aplus-3p-fixed-width\"><img decoding=\"async\" class=\"a-spacing-base aligncenter\" src=\"https:\/\/m.media-amazon.com\/images\/S\/aplus-media\/vc\/8a31bb2f-53a9-4a26-b5bc-b8c6ad3d9ff1.__CR0,0,0,1051_PT0_SX970_V1___.jpg\" alt=\"#field_alt_da_imagem_14#\" data-src=\"https:\/\/m.media-amazon.com\/images\/S\/aplus-media\/vc\/8a31bb2f-53a9-4a26-b5bc-b8c6ad3d9ff1.__CR0,0,0,1051_PT0_SX970_V1___.jpg\" \/><\/div>\n<\/div>\n<div class=\"celwidget aplus-module 3p-module-b aplus-standard\" data-csa-c-id=\"taamy-qgd3zd-5o32qb-hjfca1\" data-cel-widget=\"aplus-3p-module-b\">\n<div class=\"aplus-module-wrapper aplus-3p-fixed-width\"><\/div>\n<\/div>\n<\/div>\n","protected":false},"excerpt":{"rendered":"<p>O Whey Protein Concentrado da Dux oferece um perfil nutricional completo, tornando-o uma excelente escolha para consumo antes e depois [&hellip;]<\/p>\n","protected":false},"featured_media":1115,"template":"","meta":{"site-sidebar-layout":"default","site-content-layout":"","ast-site-content-layout":"default","site-content-style":"default","site-sidebar-style":"default","ast-global-header-display":"","ast-banner-title-visibility":"","ast-main-header-display":"","ast-hfb-above-header-display":"","ast-hfb-below-header-display":"","ast-hfb-mobile-header-display":"","site-post-title":"","ast-breadcrumbs-content":"","ast-featured-img":"","footer-sml-layout":"","theme-transparent-header-meta":"default","adv-header-id-meta":"","stick-header-meta":"","header-above-stick-meta":"","header-main-stick-meta":"","header-below-stick-meta":"","astra-migrate-meta-layouts":"set","ast-page-background-enabled":"default","ast-page-background-meta":{"desktop":{"background-color":"var(--ast-global-color-4)","background-image":"","background-repeat":"repeat","background-position":"center center","background-size":"auto","background-attachment":"scroll","background-type":"","background-media":"","overlay-type":"","overlay-color":"","overlay-opacity":"","overlay-gradient":""},"tablet":{"background-color":"","background-image":"","background-repeat":"repeat","background-position":"center center","background-size":"auto","background-attachment":"scroll","background-type":"","background-media":"","overlay-type":"","overlay-color":"","overlay-opacity":"","overlay-gradient":""},"mobile":{"background-color":"","background-image":"","background-repeat":"repeat","background-position":"center center","background-size":"auto","background-attachment":"scroll","background-type":"","background-media":"","overlay-type":"","overlay-color":"","overlay-opacity":"","overlay-gradient":""}},"ast-content-background-meta":{"desktop":{"background-color":"var(--ast-global-color-5)","background-image":"","background-repeat":"repeat","background-position":"center center","background-size":"auto","background-attachment":"scroll","background-type":"","background-media":"","overlay-type":"","overlay-color":"","overlay-opacity":"","overlay-gradient":""},"tablet":{"background-color":"var(--ast-global-color-5)","background-image":"","background-repeat":"repeat","background-position":"center center","background-size":"auto","background-attachment":"scroll","background-type":"","background-media":"","overlay-type":"","overlay-color":"","overlay-opacity":"","overlay-gradient":""},"mobile":{"background-color":"var(--ast-global-color-5)","background-image":"","background-repeat":"repeat","background-position":"center center","background-size":"auto","background-attachment":"scroll","background-type":"","background-media":"","overlay-type":"","overlay-color":"","overlay-opacity":"","overlay-gradient":""}},"_joinchat":[]},"product_cat":[38],"product_tag":[],"class_list":{"0":"post-662","1":"product","2":"type-product","3":"status-publish","4":"has-post-thumbnail","6":"product_cat-whey-protein","7":"desktop-align-left","8":"tablet-align-left","9":"mobile-align-left","11":"first","12":"instock","13":"shipping-taxable","14":"purchasable","15":"product-type-variable"},"_links":{"self":[{"href":"https:\/\/emporiosuplementospoa.com.br\/index.php?rest_route=\/wp\/v2\/product\/662","targetHints":{"allow":["GET"]}}],"collection":[{"href":"https:\/\/emporiosuplementospoa.com.br\/index.php?rest_route=\/wp\/v2\/product"}],"about":[{"href":"https:\/\/emporiosuplementospoa.com.br\/index.php?rest_route=\/wp\/v2\/types\/product"}],"wp:featuredmedia":[{"embeddable":true,"href":"https:\/\/emporiosuplementospoa.com.br\/index.php?rest_route=\/wp\/v2\/media\/1115"}],"wp:attachment":[{"href":"https:\/\/emporiosuplementospoa.com.br\/index.php?rest_route=%2Fwp%2Fv2%2Fmedia&parent=662"}],"wp:term":[{"taxonomy":"product_cat","embeddable":true,"href":"https:\/\/emporiosuplementospoa.com.br\/index.php?rest_route=%2Fwp%2Fv2%2Fproduct_cat&post=662"},{"taxonomy":"product_tag","embeddable":true,"href":"https:\/\/emporiosuplementospoa.com.br\/index.php?rest_route=%2Fwp%2Fv2%2Fproduct_tag&post=662"}],"curies":[{"name":"wp","href":"https:\/\/api.w.org\/{rel}","templated":true}]}}