{"id":656,"date":"2024-12-10T11:20:19","date_gmt":"2024-12-10T14:20:19","guid":{"rendered":"https:\/\/emporiosuplementospoa.com.br\/?post_type=product&#038;p=656"},"modified":"2024-12-10T13:12:28","modified_gmt":"2024-12-10T16:12:28","slug":"whey-100-pure-900g-pote-integralmedica","status":"publish","type":"product","link":"https:\/\/emporiosuplementospoa.com.br\/?product=whey-100-pure-900g-pote-integralmedica","title":{"rendered":"Whey 100% Pure 900g POTE Integralmedica"},"content":{"rendered":"<p class=\"vtex-text-p\">O\u00a0<strong>Whey 100% Pure<\/strong>\u00a0\u00e9 o suplemento ideal e essencial para quem busca\u00a0<strong>ganho de massa magra e recupera\u00e7\u00e3o muscular<\/strong>. Composto pela prote\u00edna concentrada do soro de leite, s\u00e3o 21 g de prote\u00edna por dose, 9,7 g de amino\u00e1cidos essenciais e 4,6 g de BCAA.<\/p>\n<p class=\"vtex-text-p\">Uma \u00f3tima op\u00e7\u00e3o para o\u00a0<strong>p\u00f3s treino<\/strong>, o Whey 100% Pure\u00a0<strong>auxilia na manuten\u00e7\u00e3o da massa magra<\/strong>, possui baixo teor de carboidrato, gordura e s\u00f3dio. Zero Gl\u00faten.<\/p>\n<p class=\"vtex-text-p\">Alta qualidade para a sua suplementa\u00e7\u00e3o, o Whey 100% Pure Integralm\u00e9dica cont\u00e9m mat\u00e9ria-prima importada, e \u00f3tima absor\u00e7\u00e3o pelo organismo, evitando a sensa\u00e7\u00e3o de incha\u00e7o ap\u00f3s o consumo.<\/p>\n<p class=\"vtex-text-p\">A prote\u00edna do soro \u00e9 a fonte mais nobre de prote\u00edna do leite com alto valor biol\u00f3gico, isso devido a sua alta concentra\u00e7\u00e3o de amino\u00e1cidos essenciais e amino\u00e1cidos de cadeia ramificada (BCAA), esses amino\u00e1cidos t\u00eam papel fundamental na s\u00edntese de prote\u00ednas e constru\u00e7\u00e3o muscular.<\/p>\n","protected":false},"excerpt":{"rendered":"<p>O\u00a0Whey 100% Pure\u00a0\u00e9 o suplemento ideal e essencial para quem busca\u00a0ganho de massa magra e recupera\u00e7\u00e3o muscular. Composto pela prote\u00edna [&hellip;]<\/p>\n","protected":false},"featured_media":657,"template":"","meta":{"site-sidebar-layout":"default","site-content-layout":"","ast-site-content-layout":"default","site-content-style":"default","site-sidebar-style":"default","ast-global-header-display":"","ast-banner-title-visibility":"","ast-main-header-display":"","ast-hfb-above-header-display":"","ast-hfb-below-header-display":"","ast-hfb-mobile-header-display":"","site-post-title":"","ast-breadcrumbs-content":"","ast-featured-img":"","footer-sml-layout":"","theme-transparent-header-meta":"default","adv-header-id-meta":"","stick-header-meta":"","header-above-stick-meta":"","header-main-stick-meta":"","header-below-stick-meta":"","astra-migrate-meta-layouts":"set","ast-page-background-enabled":"default","ast-page-background-meta":{"desktop":{"background-color":"var(--ast-global-color-4)","background-image":"","background-repeat":"repeat","background-position":"center center","background-size":"auto","background-attachment":"scroll","background-type":"","background-media":"","overlay-type":"","overlay-color":"","overlay-opacity":"","overlay-gradient":""},"tablet":{"background-color":"","background-image":"","background-repeat":"repeat","background-position":"center center","background-size":"auto","background-attachment":"scroll","background-type":"","background-media":"","overlay-type":"","overlay-color":"","overlay-opacity":"","overlay-gradient":""},"mobile":{"background-color":"","background-image":"","background-repeat":"repeat","background-position":"center center","background-size":"auto","background-attachment":"scroll","background-type":"","background-media":"","overlay-type":"","overlay-color":"","overlay-opacity":"","overlay-gradient":""}},"ast-content-background-meta":{"desktop":{"background-color":"var(--ast-global-color-5)","background-image":"","background-repeat":"repeat","background-position":"center center","background-size":"auto","background-attachment":"scroll","background-type":"","background-media":"","overlay-type":"","overlay-color":"","overlay-opacity":"","overlay-gradient":""},"tablet":{"background-color":"var(--ast-global-color-5)","background-image":"","background-repeat":"repeat","background-position":"center center","background-size":"auto","background-attachment":"scroll","background-type":"","background-media":"","overlay-type":"","overlay-color":"","overlay-opacity":"","overlay-gradient":""},"mobile":{"background-color":"var(--ast-global-color-5)","background-image":"","background-repeat":"repeat","background-position":"center center","background-size":"auto","background-attachment":"scroll","background-type":"","background-media":"","overlay-type":"","overlay-color":"","overlay-opacity":"","overlay-gradient":""}},"_joinchat":[]},"product_cat":[38],"product_tag":[],"class_list":{"0":"post-656","1":"product","2":"type-product","3":"status-publish","4":"has-post-thumbnail","6":"product_cat-whey-protein","7":"desktop-align-left","8":"tablet-align-left","9":"mobile-align-left","11":"first","12":"instock","13":"shipping-taxable","14":"purchasable","15":"product-type-variable"},"_links":{"self":[{"href":"https:\/\/emporiosuplementospoa.com.br\/index.php?rest_route=\/wp\/v2\/product\/656","targetHints":{"allow":["GET"]}}],"collection":[{"href":"https:\/\/emporiosuplementospoa.com.br\/index.php?rest_route=\/wp\/v2\/product"}],"about":[{"href":"https:\/\/emporiosuplementospoa.com.br\/index.php?rest_route=\/wp\/v2\/types\/product"}],"wp:featuredmedia":[{"embeddable":true,"href":"https:\/\/emporiosuplementospoa.com.br\/index.php?rest_route=\/wp\/v2\/media\/657"}],"wp:attachment":[{"href":"https:\/\/emporiosuplementospoa.com.br\/index.php?rest_route=%2Fwp%2Fv2%2Fmedia&parent=656"}],"wp:term":[{"taxonomy":"product_cat","embeddable":true,"href":"https:\/\/emporiosuplementospoa.com.br\/index.php?rest_route=%2Fwp%2Fv2%2Fproduct_cat&post=656"},{"taxonomy":"product_tag","embeddable":true,"href":"https:\/\/emporiosuplementospoa.com.br\/index.php?rest_route=%2Fwp%2Fv2%2Fproduct_tag&post=656"}],"curies":[{"name":"wp","href":"https:\/\/api.w.org\/{rel}","templated":true}]}}