{"id":1184,"date":"2024-12-26T09:30:48","date_gmt":"2024-12-26T12:30:48","guid":{"rendered":"https:\/\/emporiosuplementospoa.com.br\/?post_type=product&#038;p=1184"},"modified":"2024-12-26T09:30:49","modified_gmt":"2024-12-26T12:30:49","slug":"whey-100hd-gourmet-900g-refil","status":"publish","type":"product","link":"https:\/\/emporiosuplementospoa.com.br\/?product=whey-100hd-gourmet-900g-refil","title":{"rendered":"WHEY 100%HD GOURMET 900g Refil"},"content":{"rendered":"<p>Experimente o sabor e a qualidade incompar\u00e1veis do Whey 100% Gourmet da Black Skull! Desenvolvido para quem busca excel\u00eancia em suplementa\u00e7\u00e3o, este produto oferece uma fonte rica e pura de prote\u00edna de soro de leite, perfeita para apoiar seus objetivos de ganho muscular e recupera\u00e7\u00e3o p\u00f3s-treino.<\/p>\n<h2>Benef\u00edcios do WHEY 100% HD GOURMET<\/h2>\n<p>\u2022\u00a0<strong>Prote\u00edna de Alta Qualidade<\/strong>: Feito com whey protein isolado e concentrado, garantindo uma alta concentra\u00e7\u00e3o de prote\u00ednas por por\u00e7\u00e3o.<br \/>\n\u2022\u00a0<strong>Sabor Gourmet<\/strong>: Desfrute de sabores deliciosos e exclusivos que transformam sua suplementa\u00e7\u00e3o em uma experi\u00eancia prazerosa.<br \/>\n\u2022\u00a0<strong>F\u00e1cil Dissolu\u00e7\u00e3o<\/strong>: F\u00f3rmula de f\u00e1cil mistura, ideal para preparar shakes cremosos e sem grumos.<br \/>\n\u2022\u00a0<strong>Baixo Teor de Carboidratos e Gorduras<\/strong>: Auxilia na manuten\u00e7\u00e3o da massa muscular magra e na defini\u00e7\u00e3o corporal.<br \/>\n\u2022\u00a0<strong>R\u00e1pida Absor\u00e7\u00e3o<\/strong>: Promove a recupera\u00e7\u00e3o muscular de forma eficiente, gra\u00e7as \u00e0 sua r\u00e1pida absor\u00e7\u00e3o pelo organismo.<br \/>\n\u2022\u00a0<strong>Lacfree<\/strong>: um produto livre de lactose.<\/p>\n<h3>Como Usar<\/h3>\n<p>Adicione uma medida (30g) de Whey 100% Gourmet em 200 ml de \u00e1gua ou bebida de sua prefer\u00eancia. Misture bem at\u00e9 obter uma consist\u00eancia homog\u00eanea. Consuma ap\u00f3s o treino ou conforme orienta\u00e7\u00e3o de seu nutricionista ou m\u00e9dico.<\/p>\n","protected":false},"excerpt":{"rendered":"<p>Experimente o sabor e a qualidade incompar\u00e1veis do Whey 100% Gourmet da Black Skull! Desenvolvido para quem busca excel\u00eancia em [&hellip;]<\/p>\n","protected":false},"featured_media":1185,"template":"","meta":{"site-sidebar-layout":"default","site-content-layout":"","ast-site-content-layout":"default","site-content-style":"default","site-sidebar-style":"default","ast-global-header-display":"","ast-banner-title-visibility":"","ast-main-header-display":"","ast-hfb-above-header-display":"","ast-hfb-below-header-display":"","ast-hfb-mobile-header-display":"","site-post-title":"","ast-breadcrumbs-content":"","ast-featured-img":"","footer-sml-layout":"","theme-transparent-header-meta":"default","adv-header-id-meta":"","stick-header-meta":"","header-above-stick-meta":"","header-main-stick-meta":"","header-below-stick-meta":"","astra-migrate-meta-layouts":"set","ast-page-background-enabled":"default","ast-page-background-meta":{"desktop":{"background-color":"var(--ast-global-color-4)","background-image":"","background-repeat":"repeat","background-position":"center center","background-size":"auto","background-attachment":"scroll","background-type":"","background-media":"","overlay-type":"","overlay-color":"","overlay-opacity":"","overlay-gradient":""},"tablet":{"background-color":"","background-image":"","background-repeat":"repeat","background-position":"center center","background-size":"auto","background-attachment":"scroll","background-type":"","background-media":"","overlay-type":"","overlay-color":"","overlay-opacity":"","overlay-gradient":""},"mobile":{"background-color":"","background-image":"","background-repeat":"repeat","background-position":"center center","background-size":"auto","background-attachment":"scroll","background-type":"","background-media":"","overlay-type":"","overlay-color":"","overlay-opacity":"","overlay-gradient":""}},"ast-content-background-meta":{"desktop":{"background-color":"var(--ast-global-color-5)","background-image":"","background-repeat":"repeat","background-position":"center center","background-size":"auto","background-attachment":"scroll","background-type":"","background-media":"","overlay-type":"","overlay-color":"","overlay-opacity":"","overlay-gradient":""},"tablet":{"background-color":"var(--ast-global-color-5)","background-image":"","background-repeat":"repeat","background-position":"center center","background-size":"auto","background-attachment":"scroll","background-type":"","background-media":"","overlay-type":"","overlay-color":"","overlay-opacity":"","overlay-gradient":""},"mobile":{"background-color":"var(--ast-global-color-5)","background-image":"","background-repeat":"repeat","background-position":"center center","background-size":"auto","background-attachment":"scroll","background-type":"","background-media":"","overlay-type":"","overlay-color":"","overlay-opacity":"","overlay-gradient":""}},"_joinchat":[]},"product_cat":[38],"product_tag":[],"class_list":{"0":"post-1184","1":"product","2":"type-product","3":"status-publish","4":"has-post-thumbnail","6":"product_cat-whey-protein","7":"desktop-align-left","8":"tablet-align-left","9":"mobile-align-left","11":"first","12":"instock","13":"shipping-taxable","14":"purchasable","15":"product-type-variable"},"_links":{"self":[{"href":"https:\/\/emporiosuplementospoa.com.br\/index.php?rest_route=\/wp\/v2\/product\/1184","targetHints":{"allow":["GET"]}}],"collection":[{"href":"https:\/\/emporiosuplementospoa.com.br\/index.php?rest_route=\/wp\/v2\/product"}],"about":[{"href":"https:\/\/emporiosuplementospoa.com.br\/index.php?rest_route=\/wp\/v2\/types\/product"}],"wp:featuredmedia":[{"embeddable":true,"href":"https:\/\/emporiosuplementospoa.com.br\/index.php?rest_route=\/wp\/v2\/media\/1185"}],"wp:attachment":[{"href":"https:\/\/emporiosuplementospoa.com.br\/index.php?rest_route=%2Fwp%2Fv2%2Fmedia&parent=1184"}],"wp:term":[{"taxonomy":"product_cat","embeddable":true,"href":"https:\/\/emporiosuplementospoa.com.br\/index.php?rest_route=%2Fwp%2Fv2%2Fproduct_cat&post=1184"},{"taxonomy":"product_tag","embeddable":true,"href":"https:\/\/emporiosuplementospoa.com.br\/index.php?rest_route=%2Fwp%2Fv2%2Fproduct_tag&post=1184"}],"curies":[{"name":"wp","href":"https:\/\/api.w.org\/{rel}","templated":true}]}}